{"id":9178,"date":"2023-02-03T00:11:11","date_gmt":"2023-02-02T23:11:11","guid":{"rendered":"https:\/\/przedszkole.salezjanie.waw.pl\/?page_id=9178"},"modified":"2026-02-24T16:01:19","modified_gmt":"2026-02-24T15:01:19","slug":"oplaty","status":"publish","type":"page","link":"https:\/\/przedszkole.salezjanie.waw.pl\/index.php\/oplaty\/","title":{"rendered":"Op\u0142aty"},"content":{"rendered":"\n<div class=\"wp-block-columns is-layout-flex wp-container-core-columns-is-layout-9d6595d7 wp-block-columns-is-layout-flex\">\n<div class=\"wp-block-column is-layout-flow wp-block-column-is-layout-flow\">\n<h4 class=\"wp-block-heading\">Wpisowe\/wyprawka<\/h4>\n\n\n\n<p>p\u0142atne jednorazowo w danym roku szkolnym<\/p>\n<\/div>\n\n\n\n<div class=\"wp-block-column is-layout-flow wp-block-column-is-layout-flow\">\n<h3 class=\"wp-block-heading has-text-align-right has-vivid-red-color has-text-color has-link-color wp-elements-6c859a74e2e3c9ac361e6ef4ca0a5551\">200 z\u0142 \/ <br>rok szkolny<\/h3>\n<\/div>\n<\/div>\n\n\n\n<hr class=\"wp-block-separator has-alpha-channel-opacity is-style-dots\"\/>\n\n\n\n<div class=\"wp-block-columns is-layout-flex wp-container-core-columns-is-layout-9d6595d7 wp-block-columns-is-layout-flex\">\n<div class=\"wp-block-column is-layout-flow wp-block-column-is-layout-flow\">\n<h4 class=\"wp-block-heading\">Czesne miesi\u0119czne<\/h4>\n\n\n\n<p>dla rodzin, kt\u00f3re posy\u0142aj\u0105 jedno dziecko do naszego przedszkola<br><\/p>\n<\/div>\n\n\n\n<div class=\"wp-block-column is-layout-flow wp-block-column-is-layout-flow\">\n<h3 class=\"wp-block-heading has-text-align-right has-vivid-red-color has-text-color has-link-color wp-elements-ebdd8f9a2f8fe2be199ebc618266d02b\">300 z\u0142 \/ <br>miesi\u0105c<\/h3>\n<\/div>\n<\/div>\n\n\n\n<hr class=\"wp-block-separator has-alpha-channel-opacity is-style-dots\"\/>\n\n\n\n<div class=\"wp-block-columns is-layout-flex wp-container-core-columns-is-layout-9d6595d7 wp-block-columns-is-layout-flex\">\n<div class=\"wp-block-column is-layout-flow wp-block-column-is-layout-flow\">\n<h4 class=\"wp-block-heading\">Czesne miesi\u0119czne (rodziny wielodzietne)<\/h4>\n\n\n\n<p>dla rodzin, kt\u00f3re posy\u0142aj\u0105 wi\u0119cej ni\u017c jedno dziecko do naszego przedszkola<\/p>\n<\/div>\n\n\n\n<div class=\"wp-block-column is-layout-flow wp-block-column-is-layout-flow\">\n<h3 class=\"wp-block-heading has-text-align-right has-vivid-red-color has-text-color has-link-color wp-elements-07d5eb00c530c77db93e72ff83b75dff\">200 z\u0142 \/ <br>miesi\u0105c \/ dziecko<\/h3>\n<\/div>\n<\/div>\n\n\n\n<hr class=\"wp-block-separator has-alpha-channel-opacity is-style-dots\"\/>\n\n\n\n<div class=\"wp-block-columns is-layout-flex wp-container-core-columns-is-layout-9d6595d7 wp-block-columns-is-layout-flex\">\n<div class=\"wp-block-column is-layout-flow wp-block-column-is-layout-flow\">\n<h4 class=\"wp-block-heading\">Dzienne wy\u017cywienie <\/h4>\n\n\n\n<p class=\"has-vivid-red-color has-text-color has-link-color wp-elements-3b6e526718cd9f4c127a4ebf360197cc\">w przypadku zg\u0142oszonej nieobecno\u015bci dziecka wy\u017cywienie nie b\u0119dzie liczone\u00a0<\/p>\n<\/div>\n\n\n\n<div class=\"wp-block-column is-layout-flow wp-block-column-is-layout-flow\">\n<h3 class=\"wp-block-heading has-text-align-right has-vivid-red-color has-text-color has-link-color wp-elements-6b68b3961e7f9d8980a1095c4e64dabd\">21&nbsp;z\u0142 \/ <br>dzie\u0144 \/ dziecko<\/h3>\n\n\n\n<h5 class=\"wp-block-heading has-text-align-right has-vivid-red-color has-text-color has-link-color wp-elements-c4bd3d54baa452a2ddeac0e11b1f4095\">\u2248 420 z\u0142 \/ <br>miesi\u0105c \/ dziecko<\/h5>\n<\/div>\n<\/div>\n\n\n\n<p><\/p>\n","protected":false},"excerpt":{"rendered":"<p>Wpisowe\/wyprawka p\u0142atne jednorazowo w danym roku szkolnym 200 z\u0142 \/ rok szkolny Czesne miesi\u0119czne dla rodzin, kt\u00f3re posy\u0142aj\u0105 jedno dziecko do naszego przedszkola 300 z\u0142 \/ miesi\u0105c Czesne miesi\u0119czne (rodziny wielodzietne) dla rodzin, kt\u00f3re posy\u0142aj\u0105 wi\u0119cej ni\u017c jedno dziecko do naszego przedszkola&#8230;<\/p>\n","protected":false},"author":1,"featured_media":0,"parent":0,"menu_order":0,"comment_status":"closed","ping_status":"closed","template":"","meta":{"_acf_changed":false,"footnotes":""},"class_list":["post-9178","page","type-page","status-publish","hentry"],"acf":[],"_links":{"self":[{"href":"https:\/\/przedszkole.salezjanie.waw.pl\/index.php\/wp-json\/wp\/v2\/pages\/9178","targetHints":{"allow":["GET"]}}],"collection":[{"href":"https:\/\/przedszkole.salezjanie.waw.pl\/index.php\/wp-json\/wp\/v2\/pages"}],"about":[{"href":"https:\/\/przedszkole.salezjanie.waw.pl\/index.php\/wp-json\/wp\/v2\/types\/page"}],"author":[{"embeddable":true,"href":"https:\/\/przedszkole.salezjanie.waw.pl\/index.php\/wp-json\/wp\/v2\/users\/1"}],"replies":[{"embeddable":true,"href":"https:\/\/przedszkole.salezjanie.waw.pl\/index.php\/wp-json\/wp\/v2\/comments?post=9178"}],"version-history":[{"count":22,"href":"https:\/\/przedszkole.salezjanie.waw.pl\/index.php\/wp-json\/wp\/v2\/pages\/9178\/revisions"}],"predecessor-version":[{"id":9869,"href":"https:\/\/przedszkole.salezjanie.waw.pl\/index.php\/wp-json\/wp\/v2\/pages\/9178\/revisions\/9869"}],"wp:attachment":[{"href":"https:\/\/przedszkole.salezjanie.waw.pl\/index.php\/wp-json\/wp\/v2\/media?parent=9178"}],"curies":[{"name":"wp","href":"https:\/\/api.w.org\/{rel}","templated":true}]}}

Opłaty

<div class="wp-block-columns is-layout-flex wp-container-core-columns-is-layout-9d6595d7 wp-block-columns-is-layout-flex">
<div class="wp-block-column is-layout-flow wp-block-column-is-layout-flow">
<h4 class="wp-block-heading">Wpisowe/wyprawka</h4>



<p>płatne jednorazowo w danym roku szkolnym</p>
</div>



<div class="wp-block-column is-layout-flow wp-block-column-is-layout-flow">
<h3 class="wp-block-heading has-text-align-right has-vivid-red-color has-text-color has-link-color wp-elements-6c859a74e2e3c9ac361e6ef4ca0a5551">200 zł / <br>rok szkolny</h3>
</div>
</div>



<hr class="wp-block-separator has-alpha-channel-opacity is-style-dots"/>



<div class="wp-block-columns is-layout-flex wp-container-core-columns-is-layout-9d6595d7 wp-block-columns-is-layout-flex">
<div class="wp-block-column is-layout-flow wp-block-column-is-layout-flow">
<h4 class="wp-block-heading">Czesne miesięczne</h4>



<p>dla rodzin, które posyłają jedno dziecko do naszego przedszkola<br></p>
</div>



<div class="wp-block-column is-layout-flow wp-block-column-is-layout-flow">
<h3 class="wp-block-heading has-text-align-right has-vivid-red-color has-text-color has-link-color wp-elements-ebdd8f9a2f8fe2be199ebc618266d02b">300 zł / <br>miesiąc</h3>
</div>
</div>



<hr class="wp-block-separator has-alpha-channel-opacity is-style-dots"/>



<div class="wp-block-columns is-layout-flex wp-container-core-columns-is-layout-9d6595d7 wp-block-columns-is-layout-flex">
<div class="wp-block-column is-layout-flow wp-block-column-is-layout-flow">
<h4 class="wp-block-heading">Czesne miesięczne (rodziny wielodzietne)</h4>



<p>dla rodzin, które posyłają więcej niż jedno dziecko do naszego przedszkola</p>
</div>



<div class="wp-block-column is-layout-flow wp-block-column-is-layout-flow">
<h3 class="wp-block-heading has-text-align-right has-vivid-red-color has-text-color has-link-color wp-elements-07d5eb00c530c77db93e72ff83b75dff">200 zł / <br>miesiąc / dziecko</h3>
</div>
</div>



<hr class="wp-block-separator has-alpha-channel-opacity is-style-dots"/>



<div class="wp-block-columns is-layout-flex wp-container-core-columns-is-layout-9d6595d7 wp-block-columns-is-layout-flex">
<div class="wp-block-column is-layout-flow wp-block-column-is-layout-flow">
<h4 class="wp-block-heading">Dzienne wyżywienie </h4>



<p class="has-vivid-red-color has-text-color has-link-color wp-elements-3b6e526718cd9f4c127a4ebf360197cc">w przypadku zgłoszonej nieobecności dziecka wyżywienie nie będzie liczone </p>
</div>



<div class="wp-block-column is-layout-flow wp-block-column-is-layout-flow">
<h3 class="wp-block-heading has-text-align-right has-vivid-red-color has-text-color has-link-color wp-elements-6b68b3961e7f9d8980a1095c4e64dabd">21&nbsp;zł / <br>dzień / dziecko</h3>



<h5 class="wp-block-heading has-text-align-right has-vivid-red-color has-text-color has-link-color wp-elements-c4bd3d54baa452a2ddeac0e11b1f4095">≈ 420 zł / <br>miesiąc / dziecko</h5>
</div>
</div>



<p></p>

<p>Wpisowe/wyprawka płatne jednorazowo w danym roku szkolnym 200 zł / rok szkolny Czesne miesięczne dla rodzin, które posyłają jedno dziecko do naszego przedszkola 300 zł / miesiąc Czesne miesięczne (rodziny wielodzietne) dla rodzin, które posyłają więcej niż jedno dziecko do naszego przedszkola&#8230;</p>
